{"id":1905,"date":"2024-10-01T17:26:28","date_gmt":"2024-10-01T17:26:28","guid":{"rendered":"https:\/\/www.khz-vidalbini.com\/?page_id=1905"},"modified":"2024-10-23T17:59:23","modified_gmt":"2024-10-23T17:59:23","slug":"transmission","status":"publish","type":"page","link":"https:\/\/www.khz-vidalbini.com\/?page_id=1905","title":{"rendered":"Transmission"},"content":{"rendered":"<div class=\"vce-row-container\" data-vce-boxed-width=\"true\"><div class=\"vce-row vce-row--col-gap-30 vce-row-equal-height vce-row-content--top\" id=\"el-be37aefb\" data-vce-do-apply=\"all el-be37aefb\"><div class=\"vce-content-background-container\"><\/div><div class=\"vce-row-content\" data-vce-element-content=\"true\"><div class=\"vce-col vce-col--md-auto vce-col--xs-1 vce-col--xs-last vce-col--xs-first vce-col--sm-last vce-col--sm-first vce-col--md-last vce-col--lg-last vce-col--xl-last vce-col--md-first vce-col--lg-first vce-col--xl-first\" id=\"el-b8c0e74d\"><div class=\"vce-col-inner\" data-vce-do-apply=\"border margin background  el-b8c0e74d\"><div class=\"vce-col-content\" data-vce-element-content=\"true\" data-vce-do-apply=\"padding el-b8c0e74d\"><div class=\"vce-text-block\"><div class=\"vce-text-block-wrapper vce\" id=\"el-803b776e\" data-vce-do-apply=\"all el-803b776e\"><p style=\"line-height: 1.25;\"><span style=\"font-size: 10pt; color: #ffffff;\"><span style=\"font-family: 'Fira Sans';\"><span style=\"font-size: small;\"><b>KiloHertZ propose, avec Caroline ALLAIRE et Vidal BINI, en lien avec les diff\u00e9rentes cr\u00e9ations, des ateliers de pratiques destin\u00e9s aux jeunes enfants \u00e0 partir de 4 ans jusqu'aux adultes en amateur.<\/b><\/span><br><span style=\"font-size: small;\"><b>Les artistes chor\u00e9graphiques interviennent \u00e9galement <\/b><\/span><b><span style=\"font-size: small;\">aupr\u00e8s des personnes \u00e2g\u00e9es au sein d'Ehpad, des enfants et adolescents en situation de handicap au sein d'IME, et imagine avec les diff\u00e9rents \u00e9tablissements qui les accueillent des projets adapt\u00e9s.<\/span><\/b><\/span><\/span><\/p><\/div><\/div><\/div><\/div><\/div><\/div><\/div><\/div><div class=\"vce-row-container\" data-vce-boxed-width=\"true\"><div class=\"vce-row vce-element--has-background vce-row--col-gap-30 vce-row-equal-height vce-row-content--top\" id=\"el-6f327023\" data-vce-do-apply=\"all el-6f327023\"><div class=\"vce-content-background-container\"><div class=\"vce-asset-color-gradient-container vce-visible-all-only\" data-vce-do-apply=\"gradient el-6f327023\"><\/div><\/div><div class=\"vce-row-content\" data-vce-element-content=\"true\"><div class=\"vce-col vce-col--md-auto vce-col--xs-1 vce-col--xs-last vce-col--xs-first vce-col--sm-last vce-col--sm-first vce-col--md-first vce-col--lg-first vce-col--xl-first\" id=\"el-e2d0ea3a\"><div class=\"vce-col-inner\" data-vce-do-apply=\"border margin background  el-e2d0ea3a\"><div class=\"vce-col-content\" data-vce-element-content=\"true\" data-vce-do-apply=\"padding el-e2d0ea3a\"><div class=\"vce-single-image-container vce-single-image--align-center\"><div class=\"vce vce-single-image-wrapper\" id=\"el-2c956487\" data-vce-do-apply=\"all el-2c956487\"><figure><div class=\"vce-single-image-figure-inner\" style=\"width: 440px;\"><a href=\"https:\/\/www.khz-vidalbini.com\/?p=1910\" title=\"\" class=\"vce-single-image-inner vce-single-image--absolute vce-single-image--border-rounded\" style=\"width: 100%; padding-bottom: 100%;\"><img loading=\"lazy\" decoding=\"async\" class=\"vce-single-image\"  width=\"440\" height=\"440\" srcset=\"https:\/\/www.khz-vidalbini.com\/wp\/wp-content\/uploads\/2024\/09\/SKULL_SITE-2024-320x213.png 320w, https:\/\/www.khz-vidalbini.com\/wp\/wp-content\/uploads\/2024\/09\/SKULL_SITE-2024-480x320.png 480w, https:\/\/www.khz-vidalbini.com\/wp\/wp-content\/uploads\/2024\/09\/SKULL_SITE-2024-800x533.png 800w, https:\/\/www.khz-vidalbini.com\/wp\/wp-content\/uploads\/2024\/10\/SKULL_SITE-2024-440x440.png 440w, https:\/\/www.khz-vidalbini.com\/wp\/wp-content\/uploads\/2024\/10\/SKULL_SITE-2024-880x880.png 2x\" src=\"https:\/\/www.khz-vidalbini.com\/wp\/wp-content\/uploads\/2024\/10\/SKULL_SITE-2024-440x440.png\" data-img-src=\"https:\/\/www.khz-vidalbini.com\/wp\/wp-content\/uploads\/2024\/09\/SKULL_SITE-2024.png\" data-attachment-id=\"1704\"  alt=\"\" title=\"SKULL_SITE-2024\" \/><\/a><\/div><figcaption hidden=\"\"><\/figcaption><\/figure><\/div><\/div><div class=\"vce-text-block\"><div class=\"vce-text-block-wrapper vce\" id=\"el-5f2060f7\" data-vce-do-apply=\"all el-5f2060f7\"><h3 style=\"text-align: center;\"><span style=\"font-family: 'Fira Sans'; color: #000000; font-size: 12pt;\">Ateliers <span style=\"font-weight: bold; font-style: italic;\">Jusqu'\u00e0 l'os<\/span><\/span><\/h3><\/div><\/div><div class=\"vce-single-image-container vce-single-image--align-center\"><div class=\"vce vce-single-image-wrapper\" id=\"el-2f35ef12\" data-vce-do-apply=\"all el-2f35ef12\"><figure><div class=\"vce-single-image-figure-inner\" style=\"width: 440px;\"><a href=\"https:\/\/www.khz-vidalbini.com\/?p=1968\" title=\"\" class=\"vce-single-image-inner vce-single-image--absolute vce-single-image--border-rounded\" style=\"width: 100%; padding-bottom: 100%;\"><img loading=\"lazy\" decoding=\"async\" class=\"vce-single-image\"  width=\"440\" height=\"440\" srcset=\"https:\/\/www.khz-vidalbini.com\/wp\/wp-content\/uploads\/2024\/10\/What-is_web-scaled-320x320.jpeg 320w, https:\/\/www.khz-vidalbini.com\/wp\/wp-content\/uploads\/2024\/10\/What-is_web-scaled-480x480.jpeg 480w, https:\/\/www.khz-vidalbini.com\/wp\/wp-content\/uploads\/2024\/10\/What-is_web-scaled-800x800.jpeg 800w, https:\/\/www.khz-vidalbini.com\/wp\/wp-content\/uploads\/2024\/10\/What-is_web-scaled-440x440.jpeg 440w, https:\/\/www.khz-vidalbini.com\/wp\/wp-content\/uploads\/2024\/10\/What-is_web-scaled-880x880.jpeg 2x\" src=\"https:\/\/www.khz-vidalbini.com\/wp\/wp-content\/uploads\/2024\/10\/What-is_web-scaled-440x440.jpeg\" data-img-src=\"https:\/\/www.khz-vidalbini.com\/wp\/wp-content\/uploads\/2024\/05\/What-is_web-scaled.jpeg\" data-attachment-id=\"1117\"  alt=\"\" title=\"What-is_web\" \/><\/a><\/div><figcaption hidden=\"\"><\/figcaption><\/figure><\/div><\/div><div class=\"vce-text-block\"><div class=\"vce-text-block-wrapper vce\" id=\"el-a1405476\" data-vce-do-apply=\"all el-a1405476\"><h3 style=\"text-align: center;\"><span style=\"font-family: 'Fira Sans'; color: #000000; font-size: 12pt;\">Ateliers <span style=\"font-weight: bold; font-style: italic;\">What is...<\/span><\/span><\/h3><\/div><\/div><\/div><\/div><\/div><div class=\"vce-col vce-col--md-auto vce-col--xs-1 vce-col--xs-last vce-col--xs-first vce-col--sm-last vce-col--sm-first vce-col--md-last vce-col--lg-last vce-col--xl-last\" id=\"el-4a01d984\"><div class=\"vce-col-inner\" data-vce-do-apply=\"border margin background  el-4a01d984\"><div class=\"vce-col-content\" data-vce-element-content=\"true\" data-vce-do-apply=\"padding el-4a01d984\"><div class=\"vce-single-image-container vce-single-image--align-center\"><div class=\"vce vce-single-image-wrapper\" id=\"el-2d79f702\" data-vce-do-apply=\"all el-2d79f702\"><figure><div class=\"vce-single-image-figure-inner\" style=\"width: 440px;\"><a href=\"https:\/\/www.khz-vidalbini.com\/?page_id=1928\" title=\"\" class=\"vce-single-image-inner vce-single-image--absolute vce-single-image--border-rounded\" style=\"width: 100%; padding-bottom: 100%;\"><img loading=\"lazy\" decoding=\"async\" class=\"vce-single-image\"  width=\"440\" height=\"440\" srcset=\"https:\/\/www.khz-vidalbini.com\/wp\/wp-content\/uploads\/2024\/10\/NARR2_CCAM_\u00a9Cecile-LEBERT-320x240.jpg 320w, https:\/\/www.khz-vidalbini.com\/wp\/wp-content\/uploads\/2024\/10\/NARR2_CCAM_\u00a9Cecile-LEBERT-480x360.jpg 480w, https:\/\/www.khz-vidalbini.com\/wp\/wp-content\/uploads\/2024\/10\/NARR2_CCAM_\u00a9Cecile-LEBERT-800x601.jpg 800w, https:\/\/www.khz-vidalbini.com\/wp\/wp-content\/uploads\/2024\/10\/NARR2_CCAM_\u00a9Cecile-LEBERT-scaled-440x440.jpg 440w, https:\/\/www.khz-vidalbini.com\/wp\/wp-content\/uploads\/2024\/10\/NARR2_CCAM_\u00a9Cecile-LEBERT-scaled-880x880.jpg 2x\" src=\"https:\/\/www.khz-vidalbini.com\/wp\/wp-content\/uploads\/2024\/10\/NARR2_CCAM_\u00a9Cecile-LEBERT-scaled-440x440.jpg\" data-img-src=\"https:\/\/www.khz-vidalbini.com\/wp\/wp-content\/uploads\/2024\/10\/NARR2_CCAM_\u00a9Cecile-LEBERT-scaled.jpg\" data-attachment-id=\"1924\"  alt=\"\" title=\"NARR2_CCAM_\u00a9Cecile-LEBERT\" \/><\/a><\/div><figcaption hidden=\"\"><\/figcaption><\/figure><\/div><\/div><div class=\"vce-text-block\"><div class=\"vce-text-block-wrapper vce\" id=\"el-6098b3ac\" data-vce-do-apply=\"all el-6098b3ac\"><h3 style=\"text-align: center;\"><span style=\"color: #000000; font-family: Fira Sans; font-size: medium;\"><span style=\"caret-color: #000000;\">Pratiques en amateur<\/span><\/span><\/h3><\/div><\/div><div class=\"vce-single-image-container vce-single-image--align-center\"><div class=\"vce vce-single-image-wrapper\" id=\"el-d8741f6c\" data-vce-do-apply=\"all el-d8741f6c\"><figure><div class=\"vce-single-image-figure-inner\" style=\"width: 440px;\"><a href=\"https:\/\/www.khz-vidalbini.com\/?p=1979\" title=\"\" class=\"vce-single-image-inner vce-single-image--absolute vce-single-image--border-rounded\" style=\"width: 100%; padding-bottom: 100%;\"><img loading=\"lazy\" decoding=\"async\" class=\"vce-single-image\"  width=\"440\" height=\"440\" srcset=\"https:\/\/www.khz-vidalbini.com\/wp\/wp-content\/uploads\/2024\/10\/PASSEURS-DE-DANSE-2-320x208.jpeg 320w, https:\/\/www.khz-vidalbini.com\/wp\/wp-content\/uploads\/2024\/10\/PASSEURS-DE-DANSE-2-480x312.jpeg 480w, https:\/\/www.khz-vidalbini.com\/wp\/wp-content\/uploads\/2024\/10\/PASSEURS-DE-DANSE-2-800x519.jpeg 800w, https:\/\/www.khz-vidalbini.com\/wp\/wp-content\/uploads\/2024\/10\/PASSEURS-DE-DANSE-2-440x440.jpeg 440w, https:\/\/www.khz-vidalbini.com\/wp\/wp-content\/uploads\/2024\/10\/PASSEURS-DE-DANSE-2-880x880.jpeg 2x\" src=\"https:\/\/www.khz-vidalbini.com\/wp\/wp-content\/uploads\/2024\/10\/PASSEURS-DE-DANSE-2-440x440.jpeg\" data-img-src=\"https:\/\/www.khz-vidalbini.com\/wp\/wp-content\/uploads\/2024\/10\/PASSEURS-DE-DANSE-2.jpeg\" data-attachment-id=\"1942\"  alt=\"\" title=\"\" \/><\/a><\/div><figcaption hidden=\"\"><\/figcaption><\/figure><\/div><\/div><div class=\"vce-text-block\"><div class=\"vce-text-block-wrapper vce\" id=\"el-80accb3b\" data-vce-do-apply=\"all el-80accb3b\"><h3 style=\"text-align: center;\"><span style=\"color: #000000; font-family: Fira Sans; font-size: medium;\"><span style=\"caret-color: #000000;\">Passeurs de danse<\/span><\/span><\/h3><\/div><\/div><\/div><\/div><\/div><\/div><\/div><\/div>\n","protected":false},"excerpt":{"rendered":"<p>KiloHertZ propose, avec Caroline ALLAIRE et Vidal BINI, en lien avec les diff\u00e9rentes cr\u00e9ations, des ateliers de pratiques destin\u00e9s aux jeunes enfants \u00e0 partir de 4 ans jusqu&rsquo;aux adultes en amateur.Les artistes chor\u00e9graphiques interviennent \u00e9galement aupr\u00e8s des personnes \u00e2g\u00e9es au sein d&rsquo;Ehpad, des enfants et adolescents en situation de handicap au sein d&rsquo;IME, et imagine [&hellip;]<\/p>\n","protected":false},"author":1,"featured_media":0,"parent":0,"menu_order":0,"comment_status":"closed","ping_status":"closed","template":"","meta":{"footnotes":""},"class_list":["post-1905","page","type-page","status-publish","hentry"],"_links":{"self":[{"href":"https:\/\/www.khz-vidalbini.com\/index.php?rest_route=\/wp\/v2\/pages\/1905","targetHints":{"allow":["GET"]}}],"collection":[{"href":"https:\/\/www.khz-vidalbini.com\/index.php?rest_route=\/wp\/v2\/pages"}],"about":[{"href":"https:\/\/www.khz-vidalbini.com\/index.php?rest_route=\/wp\/v2\/types\/page"}],"author":[{"embeddable":true,"href":"https:\/\/www.khz-vidalbini.com\/index.php?rest_route=\/wp\/v2\/users\/1"}],"replies":[{"embeddable":true,"href":"https:\/\/www.khz-vidalbini.com\/index.php?rest_route=%2Fwp%2Fv2%2Fcomments&post=1905"}],"version-history":[{"count":19,"href":"https:\/\/www.khz-vidalbini.com\/index.php?rest_route=\/wp\/v2\/pages\/1905\/revisions"}],"predecessor-version":[{"id":2059,"href":"https:\/\/www.khz-vidalbini.com\/index.php?rest_route=\/wp\/v2\/pages\/1905\/revisions\/2059"}],"wp:attachment":[{"href":"https:\/\/www.khz-vidalbini.com\/index.php?rest_route=%2Fwp%2Fv2%2Fmedia&parent=1905"}],"curies":[{"name":"wp","href":"https:\/\/api.w.org\/{rel}","templated":true}]}}